r of 23 and 621?
23
What is the highest common divisor of 555 and 195?
15
Calculate the greatest common divisor of 22035 and 195.
195
What is the highest common divisor of 100 and 6180?
20
What is the greatest common divisor of 765 and 495?
45
What is the greatest common divisor of 150 and 50?
50
What is the highest common divisor of 2 and 2?
2
Calculate the greatest common factor of 8881 and 83.
83
What is the highest common factor of 292 and 657?
73
Calculate the greatest common factor of 858 and 13.
13
What is the greatest common divisor of 2415 and 1190?
35
Calculate the greatest common divisor of 3531 and 66.
33
Calculate the highest common factor of 44 and 352.
44
What is the greatest common factor of 28 and 28?
28
What is the greatest common divisor of 41182 and 118?
118
What is the highest common factor of 462 and 28?
14
Calculate the highest common factor of 276 and 3.
3
Calculate the highest common divisor of 13215 and 30.
15
What is the highest common factor of 19 and 342?
19
What is the greatest common factor of 52 and 208?
52
Calculate the highest common factor of 231 and 35.
7
What is the greatest common divisor of 858 and 198?
66
Calculate the greatest common factor of 65 and 234.
13
What is the greatest common divisor of 232 and 29?
29
What is the highest common factor of 18 and 3285?
9
What is the greatest common factor of 8680 and 10?
10
What is the greatest common divisor of 39 and 54?
3
Calculate the highest common divisor of 7169 and 1498.
107
Calculate the highest common divisor of 713 and 23.
23
What is the greatest common factor of 3811 and 824?
103
Calculate the greatest common divisor of 3654 and 319.
29
What is the greatest common factor of 126 and 18?
18
What is the greatest common factor of 6889 and 83?
83
Calculate the greatest common factor of 24 and 822.
6
Calculate the highest common divisor of 12 and 156.
12
Calculate the highest common factor of 1184 and 37.
37
Calculate the highest common factor of 1782 and 1458.
162
Calculate the highest common factor of 819 and 7553.
91
Calculate the greatest common factor of 1885 and 715.
65
What is the highest common divisor of 34 and 442?
34
Calculate the highest common divisor of 70 and 350.
70
What is the highest common divisor of 234 and 90?
18
What is the highest common factor of 8 and 2432?
8
What is the greatest common divisor of 175 and 427?
7
What is the highest common factor of 1212 and 24?
12
What is the greatest common divisor of 339 and 226?
113
What is the greatest common factor of 128 and 5504?
128
What is the greatest common divisor of 79 and 1?
1
What is the greatest common divisor of 37 and 703?
37
Calculate the greatest common factor of 13 and 62.
1
Calculate the greatest common factor of 9440 and 20.
20
Calculate the greatest common factor of 40 and 856.
8
Calculate the highest common divisor of 10 and 1340.
10
What is the highest common divisor of 49 and 196?
49
What is the highest common divisor of 20 and 320?
20
Calculate the highest common divisor of 940 and 20.
20
What is the greatest common factor of 15090 and 30?
30
Calculate the highest common divisor of 10 and 3415.
5
Calculate the highest common factor of 720 and 30.
30
What is the greatest common factor of 44 and 68?
4
What is the highest common factor of 2625 and 350?
175
Calculate the greatest common factor of 18348 and 132.
132
Calculate the greatest common factor of 62 and 7533.
31
What is the highest common divisor of 11 and 1397?
11
What is the highest common factor of 32 and 112?
16
Calculate the greatest common divisor of 212 and 689.
53
Calculate the greatest common divisor of 99456 and 336.
336
Calculate the greatest common factor of 154 and 88.
22
Calculate the greatest common divisor of 11 and 176.
11
Calculate the greatest common divisor of 39 and 299.
13
What is the greatest common divisor of 51 and 12?
3
What is the highest common factor of 2193 and 86?
43
What is the greatest common divisor of 34 and 2380?
34
Calculate the greatest common divisor of 143 and 78.
13
What is the greatest common divisor of 54 and 81?
27
What is the greatest common divisor of 73 and 2263?
73
Calculate the greatest common divisor of 340 and 748.
68
Calculate the highest common factor of 150 and 20.
10
Calculate the highest common divisor of 257 and 11.
1
What is the greatest common divisor of 73 and 8176?
73
What is the highest common factor of 11 and 913?
11
Calculate the highest common factor of 1704 and 72.
24
What is the highest common divisor of 10658 and 146?
146
What is the greatest common factor of 504 and 1743?
21
What is the highest common divisor of 7 and 371?
7
What is the highest common divisor of 7 and 861?
7
What is the greatest common divisor of 504 and 189?
63
Calculate the greatest common divisor of 14977 and 17.
17
Calculate the highest common factor of 2014 and 265.
53
Calculate the highest common factor of 605 and 45.
5
Calculate the greatest common factor of 1287 and 704.
11
Calculate the greatest common divisor of 279 and 31.
31
What is the greatest common factor of 83 and 13?
1
What is the greatest common divisor of 138 and 32?
2
Calculate the highest common divisor of 4064 and 4.
4
Calculate the highest common factor of 22 and 363.
11
Calculate the greatest common divisor of 18 and 12924.
18
What is the highest common factor of 162 and 24?
6
What is the greatest common factor of 48 and 176?
16
Calculate the greatest common divisor of 36 and 48.
12
Calculate the greatest common factor of 54 and 702.
54
What is the highest common divisor of 29 and 3683?
29
What is the highest common divisor of 408 and 969?
51
What is the highest common factor of 1184 and 925?
37
Calculate the highest common factor of 72 and 3380.
4
Calculate the greatest common factor of 87 and 319.
29
Calculate the highest common factor of 49 and 91.
7
What is the greatest common divisor of 20 and 33940?
20
What is the highest common divisor of 259 and 74?
37
What is the highest common divisor of 3703 and 483?
161
Calculate the highest common factor of 1656 and 72.
72
Calculate the highest common divisor of 1464 and 4.
4
Calculate the greatest common factor of 5 and 13.
1
What is the highest common factor of 65 and 775?
5
What is the greatest common factor of 30 and 1455?
15
Calculate the greatest common factor of 2 and 54.
2
What is the highest common divisor of 12 and 2238?
6
Calculate the greatest common divisor of 299 and 26.
13
Calculate the highest common factor of 49 and 14.
7
Calculate the greatest common factor of 102 and 918.
102
What is the greatest common factor of 1961 and 37?
37
Calculate the highest common divisor of 218 and 9374.
218
Calculate the greatest common divisor of 44 and 99.
11
Calculate the highest common divisor of 38 and 3743.
19
Calculate the greatest common divisor of 10424 and 8.
8
Calculate the highest common factor of 44 and 253.
11
What is the highest common factor of 90 and 10?
10
What is the greatest common divisor of 606 and 90?
6
Calculate the highest common factor of 4 and 352.
4
What is the greatest common divisor of 65 and 247?
13
What is the greatest common divisor of 186 and 434?
62
What is the greatest common divisor of 75 and 400?
25
What is the greatest common factor of 3980 and 560?
20
What is the highest common factor of 39 and 2041?
13
What is the greatest common factor of 448 and 28?
28
Calculate the greatest common factor of 1023 and 198.
33
Calculate the highest common divisor of 26 and 533.
13
Calculate the greatest common factor of 584 and 8.
8
Calculate the greatest common factor of 112 and 1904.
112
Calculate the greatest common factor of 3 and 141.
3
What is the greatest common factor of 91 and 112?
7
What is the greatest common factor of 41 and 5125?
41
Calculate the highest common factor of 837 and 144.
9
What is the highest common divisor of 27 and 2871?
9
What is the highest common divisor of 323 and 722?
19
Calculate the greatest common factor of 470 and 141.
47
What is the greatest common factor of 40 and 30?
10
Calculate the highest common divisor of 43 and 172.
43
Calculate the highest common divisor of 93 and 35991.
93
What is the greatest common factor of 695 and 5?
5
What is the greatest common divisor of 391 and 115?
23
What is the g